+ h - i*h + 2*h - h**2. Suppose 116 = 3*f - 31*f - f. Give o(f).
16
Let l(i) = -14*i**3 - i**2 - i + 1. Let m = 28 + -26. Let v be (-6)/(-12) + 10/4. Let j = v - m. Calculate l(j).
-15
Let d(b) = -13*b + 5*b + 6*b - 1 + 14. Suppose 20 = 7*m - 8. Calculate d(m).
5
Let u(k) be the second derivative of -k**5/120 - k**4/8 + 59*k**3/3 + k**2 - 2*k + 78. Let z(m) be the second derivative of u(m). Determine z(3).
-6
Let l(k) be the third derivative of 0*k - 1/24*k**4 - 13/6*k**3 - 5*k**2 + 0. Let w(a) = -3*a**2 + 58*a - 160. Let x be w(16). Determine l(x).
-13
Let q(s) be the first derivative of 14*s - 1/2*s**2 - 415. Let i(n) = 2*n - 5. Let x be i(6). What is q(x)?
7
Let c(o) be the third derivative of -o**6/120 + o**5/12 - o**4/24 - 7*o**3/6 + 9*o**2. Let b be 1/((-312)/40 + 8). Determine c(b).
-12
Let k(y) = y**3 - 13*y**2 - 12*y - 25. Let b be k(14). Suppose -2*l - b*l = 0. Suppose l*h + h = 0. Let m(a) = -a - 2. Calculate m(h).
-2
Let w(a) = 11*a - 199. Suppose -5*p - 2946 = 5*d - 3041, -d = -4*p - 9. Calculate w(d).
-12
Let d(r) be the first derivative of r**3 - 1/2*r**2 - 80 + r. What is d(2)?
11
Suppose -9*u - 8*u + 51 = 0. Let m(g) = 23*g**2 + 2*g - 10*g**2 - 3*g**3 + 2*g**u - 14*g**2 + 1. Calculate m(-2).
1
Let a = -371 - -376. Let z(p) = -13*p + 3. Let t(d) = 63*d - 15. Let o(f) = 5*t(f) + 24*z(f). Give o(a).
12
Suppose -q = -0*q - 5. Let o(l) = 34*l**2 - 42*l - 42. Let u(t) = -14*t**2 + 17*t + 17. Suppose 7*f + 45 = -2*f. Let x(a) = f*o(a) - 12*u(a). Calculate x(q).
-14
Let n(b) = 1726973*b + b**2 - 1726973*b. Suppose -2*i - 2*i - 2 = 2*k, -2*i + 5*k + 17 = 0. Calculate n(i).
1
Let w be 2/(-5) + (-3332)/245. Let v(r) = -2*r**2 - 27*r - 2. Determine v(w).
-16
Let f(z) = z**3 - 25*z**2 + 26*z - 48. Let q = -35116 - -35140. Calculate f(q).
0
Let m(s) = -5*s**3 - 2*s**2 + 9*s + 4. Let d be ((-2)/(-9)*6)/(16/(-72)). Let y(a) = a**3 - a - 1. Let k(x) = d*y(x) - m(x). Let u be 3 - -2*(-2)/4. Give k(u).
-4
Let r(o) be the first derivative of -1/6*o**3 - 6*o**2 - 13 - 1/2*o**4 + 0*o. Let a(n) be the second derivative of r(n). What is a(-1)?
11
Let b(i) = -9*i + 12. Let x be -4*8/12*9/(-6). Determine b(x).
-24
Let h(m) = -8279*m - 29*m**2 + 2 + 11*m**2 + 4136*m + 4140*m. What is h(2)?
-76
Let g be 5 - 7 - (-43 + (-1 - 0)). Suppose 0 = a + 5 - g. Let k = 36 - a. Let o(w) = -9*w**3 + w**2 + w. Calculate o(k).
9
Suppose u + 29 = 27. Let p = u + -2. Let z(c) = -4*c + 1. Determine z(p).
17
Let z be ((-6)/(-4))/(91/(-182)). Let f(a) = 0*a + 15*a - 10*a + a**2. What is f(z)?
-6
Let i(z) = -829*z + 7455. Let u be i(9). Let w(v) = -2*v - 15. Give w(u).
-3
Let o(n) = -2*n**2 - 10*n - 8. Suppose 0 = -22*r - 151 + 19. What is o(r)?
-20
Let m(d) = d**3 + 2*d - 10. Suppose -10*n + 1 = 10*n + 1. What is m(n)?
-10
Let d(a) = a**3 - 9*a**2 - 10*a + 1. Let y(u) = 18*u + 208. Let x be 4 - (4 - 2) - 26/2. Let z be y(x). Give d(z).
1
Let u(k) = 12*k - 164. Let f be u(13). Let m(r) = 4*r + 5. Let i(a) = -3*a - 4. Let d(y) = -5*i(y) - 4*m(y). Give d(f).
8
Let h(m) = -m**2 - 14*m - 17. Suppose 23*j = 4*y - 133, -21 = 4*j - 11*y + 10*y. What is h(j)?
32
Let t(i) = 10*i + 5. Let x be 35/(-37) + (-24)/444. Determine t(x).
-5
Let t(l) = 63*l**3 - l**2 - 3*l - 1. Let k be 1 + (-24)/11 - 85/((-28050)/60). Give t(k).
-62
Let v(n) be the second derivative of -n**4/24 - 17*n**3/6 + 29*n**2 - 2*n - 25. Let k(c) be the first derivative of v(c). Determine k(-18).
1
Let y(m) be the third derivative of -4*m**3 - 1/6*m**4 + 0*m + 0 - 25*m**2 + 0*m**5 - 1/360*m**6. Let w(h) be the first derivative of y(h). Determine w(0).
-4
Let n(z) = 22*z**2 - 84*z - 11. Let f(k) = 49*k**2 - 169*k - 23. Let g(l) = -3*f(l) + 7*n(l). Determine g(11).
-52
Let u be 141*(-5)/((-25)/15) + 2. Let a(i) = -829 - i + u + 416. Determine a(14).
-2
Let h(w) be the third derivative of -31*w**7/2520 + w**5/120 - 65*w**4/24 - 4*w**2. Let p(y) be the second derivative of h(y). Determine p(1).
-30
Suppose 83 = 9*v - 8*v. Let x = v - 78. Let q(h) = 11*h + x - 3*h - 6. Give q(2).
15
Let l(o) be the second derivative of 14 - 3/2*o**2 - 2*o - 1/6*o**3. What is l(4)?
-7
Let y = 63 - 60. Suppose y*z + 1 - 7 = 0. Suppose -z*q + 3*f = 2 - 6, q = 2*f + 2. Let b(j) = j**3 - 2*j**2 + 4*j - 3. Give b(q).
5
Let j(k) = k + 1. Suppose g + p - 818 = 0, -3*p = 2*g - 5*g + 2430. Let q = g - 825. Calculate j(q).
-10
Let m(f) = -3*f + 6. Let l(a) be the first derivative of -a**4/4 - 3*a**3 - a**2 - 18*a - 22. Let j be l(-9). What is m(j)?
6
Let x(h) = -23 - h**2 - 82 - 80 - 37*h + 25 - 21. What is x(-6)?
5
Let b(a) = -a**3 + 11*a**2 - 25*a + 1. Let l(y) = -15*y**2 - 62*y. Let h be l(-4). Calculate b(h).
-7
Let s be 232/20 + -3 - (72/60)/(-3). Let x(q) = -q**3 + 10*q**2 - 12*q + 11. What is x(s)?
-16
Let y(w) = 2*w**3 - w + 6. Let c be y(3). Let v(n) = 70*n - c*n - 35 + 32 - n**2. Calculate v(13).
-3
Let z(m) = 2672 + 8*m**2 - 12*m**2 - 2*m - 2669. Calculate z(2).
-17
Let o(y) = -y**3 - y**2 - y + 2. Let v be 4/(0 - (-16)/60). Suppose -5*g = -3*s - v, 4*s - 13 = 3*g - 22. Determine o(s).
2
Let u = -294 - -299. Let x(o) = 121*o + 9 - 4*o**2 - 112*o + u*o**2. Determine x(-7).
-5
Let u(z) = -z. Let c = -6 - -12. Suppose j - c*j + 80 = 0. Let p = -10 + j. Determine u(p).
-6
Let l = -2 - -2. Suppose t + 22 = 3*b + 1, -4*t - 5*b - 16 = l. Let z(k) be the first derivative of -k**3/3 - 9*k**2/2 - 2*k - 28305. Calculate z(t).
-2
Let v = 144 + -1. Suppose 5*j - 207 - v = 0. Let m(u) = 61 - j - 3*u + 2*u. What is m(-6)?
-3
Let l(m) = 18*m - 630. Let i be l(35). Let o(y) be the third derivative of 30*y**2 + 0*y**5 + 0*y + 1/24*y**4 + 0 + i*y**3 + 1/12*y**6. Give o(-1).
-11
Let w(z) = z**2 - 10*z - 3. Let t be w(11). Suppose -3 = -5*s + t*s. Let q(k) = 3*k**2 - 3 + 0*k**2 + 4 + 0*k**2. Calculate q(s).
4
Let g be 3200/144 - 4/18. Let d = 25 - g. Let j(z) = -13*z**3 - z**2 - 16*z**d + 2 + 31*z**3. Give j(2).
14
Let u(t) = 7*t**2 - 7*t + 1. Let y(j) = -j**2 + j. Suppose 9 + 36 = 9*f. Let a be (69/12 - 6)*-4. Let k(l) = a*u(l) + f*y(l). What is k(3)?
13
Let d(q) be the third derivative of -q**5/60 + 2*q**4/3 - 19*q**3/6 + q**2 - 323. Give d(13).
20
Let d be (-14)/(-6*2/(-4)) + 315 + -310. Let a(n) be the third derivative of 0 - 15*n**2 - 5/24*n**4 + 1/12*n**5 + d*n**3 - 1/120*n**6 + 0*n. Determine a(3).
5
Let k be (81/(-135))/(15/(-50)). Let p(o) be the first derivative of -5*o + 1/2*o**k + 24. Determine p(0).
-5
Let q(p) be the first derivative of 1/12*p**4 + 2/15*p**5 + 1/6*p**3 + 0*p + 10 - 7*p**2. Let n(v) be the second derivative of q(v). What is n(-1)?
7
Let f(a) = 26*a + 14. Let o be (24/(-4) + 5)/(2/4). Let w = o - -19. Let r(x) = -9*x - 5. Let m(v) = w*r(v) + 6*f(v). What is m(-2)?
-7
Let r(v) = -2*v**2 + 5*v + 13. Let o(b) = 3*b**2 - 4*b - 11. Let z(x) = 3*o(x) + 4*r(x). What is z(-6)?
7
Let v(d) = -d**3 + d**2 + 2*d + 2. Let u(m) = 6*m**2 + m - 4. Let n be u(3). Let c = 51 - n. Determine v(c).
10
Let a(f) be the second derivative of -7*f**6/40 - f**5/60 + f**3/6 - 24*f**2 + f - 58. Let s(j) be the first derivative of a(j). What is s(-1)?
21
Let x(i) = -i**3 + 16*i**2 + 38*i - 31. Let u be (23 + 7)*(-24)/(-40). Let d be x(u). Let m(k) = 0*k + 2*k**2 - 8*k + 3 + 1. Calculate m(d).
14
Let t be ((-320)/(-200))/(4/(-30)*-3). Let j be (30/(-6))/(t + -3). Let c(x) = -3*x + 6. Determine c(j).
21
Let q(g) = g**3 - 30*g**2 - 59*g - 154. Let r be q(32). Let a(p) = -3*p + 32. Determine a(r).
14
Suppose 4*r + 5*b - 17 = 0, 4*r = r - 3*b + 15. Let o(v) = -v**3 + 7*v**2 + 9*v - 3. Calculate o(r).
5
Let s = -31 - -23. Let v be ((-94)/3)/(s/12). Let w = -49 + v. Let x(a) = -a**2 + 2*a + 3. What is x(w)?
-5
Let q(o) = -o**2. Let j be q(1). Let w be 9/6*(-1 + j). Let s(c) be the second derivative of 2*c**3/3 - c**2/2 + 3272*c. What is s(w)?
-13
Let l(o) be the second derivative of -3/2*o**2 - 1/4*o**4 - 105*o - 1/3*o**3 + 0. Determine l(-4).
-43
Let u(j) = 31*j**2 - 57*j - 103 - 5*j**3 - 12*j**3 + 79 + 16*j**3. What is u(29)?
5
Suppose -304 = o - 106. Let i = -190 - o. Let d(u) = u**2 - 9*u + 7. Determine d(i).
-1
Let y(r) = 4*r - 6. Let h(f) = 1 - 3*f + 2 - 4 + 2*f. Let l = 146 - 148. Let a(n) = l*h(n) - y(n). Determine a(9).
-10
Let h be (3/2)/((-3)/(-6)). Suppose h*b + 17 = 23. Let t(w) = -2*w - 15 + 3*w**b - 5*w**2 + 14 + 6*w**3. Give t(-1).
-7
Let l(t) be